se
Does 6 divide 44628?
True
Is 22 a factor of 377567?
False
Is 1834589 a multiple of 15?
False
Does 121 divide 38720?
True
Is 83 a factor of 7551423?
True
Is 2058355 a multiple of 55?
False
Is 1678992 a multiple of 114?
True
Does 67 divide 1731615?
True
Is 280170 a multiple of 90?
True
Does 333 divide 1537321?
False
Does 27 divide 282501?
True
Is 816 a factor of 1374960?
True
Is 32496 a multiple of 23?
False
Is 14 a factor of 5828571?
False
Is 194568 a multiple of 121?
True
Is 1951159 a multiple of 40?
False
Is 343691 a multiple of 14?
False
Is 150 a factor of 2233050?
True
Does 18 divide 14826582?
True
Is 17 a factor of 42165?
False
Does 11 divide 1693171?
False
Does 4 divide 3320?
True
Is 4 a factor of 837?
False
Does 11 divide 2344601?
False
Is 14583 a multiple of 3?
True
Is 8 a factor of 91072?
True
Is 162687 a multiple of 266?
False
Is 988 a factor of 15160860?
True
Is 1404006 a multiple of 13?
False
Is 459256 a multiple of 4?
True
Does 45 divide 13826655?
True
Does 980 divide 6398420?
True
Does 98 divide 3528256?
False
Does 826 divide 22796?
False
Is 1894543 a multiple of 24?
False
Is 1348383 a multiple of 14?
False
Is 37 a factor of 541880?
False
Is 38930 a multiple of 75?
False
Is 15 a factor of 2179605?
True
Is 114 a factor of 1934580?
True
Is 21 a factor of 5208882?
True
Is 3478435 a multiple of 15?
False
Is 80 a factor of 304720?
True
Is 3 a factor of 3918687?
True
Does 9 divide 739883?
False
Does 156 divide 73046?
False
Is 17 a factor of 2379157?
False
Is 556 a factor of 16930200?
True
Is 76698 a multiple of 10?
False
Does 147 divide 2328039?
True
Is 6 a factor of 9444468?
True
Is 7 a factor of 229421?
False
Is 28 a factor of 157220?
True
Is 5340390 a multiple of 21?
False
Is 30 a factor of 198090?
True
Is 50 a factor of 356346?
False
Does 35 divide 7092085?
True
Does 75 divide 170291?
False
Is 75544 a multiple of 133?
True
Is 44 a factor of 10569284?
True
Is 380064 a multiple of 214?
True
Does 11 divide 9404?
False
Is 125615 a multiple of 64?
False
Does 7 divide 56427?
True
Does 447 divide 1335336?
False
Does 2 divide 54702?
True
Does 7 divide 3920089?
False
Does 86 divide 1142940?
True
Is 18 a factor of 971441?
False
Is 48 a factor of 119750?
False
Is 29266 a multiple of 54?
False
Is 6 a factor of 27672?
True
Does 23 divide 495673?
True
Is 2 a factor of 132926?
True
Is 101235 a multiple of 85?
True
Is 1120 a factor of 2422560?
True
Is 47640 a multiple of 60?
True
Is 52 a factor of 95942?
False
Is 41 a factor of 377200?
True
Does 12 divide 3478686?
False
Is 109864 a multiple of 5?
False
Is 19 a factor of 83733?
True
Does 75 divide 782325?
True
Is 4065420 a multiple of 20?
True
Does 669 divide 7611213?
True
Is 147086 a multiple of 22?
False
Is 36 a factor of 3991030?
False
Is 78 a factor of 3432?
True
Is 45 a factor of 15147?
False
Is 265 a factor of 1814875?
False
Does 324 divide 449388?
True
Is 2739838 a multiple of 73?
False
Is 243688 a multiple of 40?
False
Does 374 divide 6094602?
False
Is 8 a factor of 2375388?
False
Does 6 divide 7449?
False
Does 7 divide 203686?
True
Does 36 divide 14747993?
False
Is 34 a factor of 5576442?
True
Does 6 divide 425112?
True
Does 174 divide 135198?
True
Is 2912135 a multiple of 110?
False
Does 26 divide 701448?
False
Does 23 divide 443886?
False
Does 18 divide 170010?
True
Is 170280 a multiple of 24?
True
Does 170 divide 11792560?
True
Is 75 a factor of 82675?
False
Is 11 a factor of 116822?
False
Is 11 a factor of 271511?
False
Is 321034 a multiple of 236?
False
Is 149 a factor of 10520443?
True
Is 39 a factor of 24102?
True
Is 341344 a multiple of 74?
False
Is 299639 a multiple of 250?
False
Is 239 a factor of 17033530?
True
Is 42073 a multiple of 124?
False
Does 7 divide 519322?
False
Is 565208 a multiple of 15?
False
Does 29 divide 75081?
True
Is 654 a factor of 4339290?
True
Is 658 a factor of 1534277?
False
Is 326882 a multiple of 274?
True
Is 58428 a multiple of 42?
False
Is 959040 a multiple of 162?
True
Does 4 divide 44410?
False
Does 18 divide 4911416?
False
Is 66 a factor of 253346?
False
Is 364 a factor of 3052708?
False
Does 140 divide 46259?
False
Is 2 a factor of 15971?
False
Is 328 a factor of 104363?
False
Is 10777 a multiple of 3?
False
Is 1807389 a multiple of 153?
True
Is 37728 a multiple of 8?
True
Is 159 a factor of 16561605?
False
Is 139815 a multiple of 9?
True
Is 671112 a multiple of 156?
True
Is 183300 a multiple of 75?
True
Is 17 a factor of 148733?
True
Is 65795 a multiple of 292?
False
Is 415 a factor of 541160?
True
Does 356 divide 164828?
True
Is 65 a factor of 31290?
False
Does 416 divide 253866?
False
Does 1165 divide 13313620?
True
Does 16 divide 1580752?
True
Does 264 divide 187176?
True
Does 37 divide 2430215?
False
Is 390920 a multiple of 446?
False
Is 316258 a multiple of 33?
False
Is 1505 a factor of 8155595?
True
Is 9 a factor of 209806?
False
Does 19 divide 16169?
True
Is 61 a factor of 26302?
False
Does 99 divide 185333?
False
Is 82677 a multiple of 9?
False
Is 8814195 a multiple of 845?
True
Is 366145 a multiple of 206?
False
Is 11 a factor of 4174097?
False
Does 16 divide 128447?
False
Does 30 divide 754919?
False
Is 1747849 a multiple of 84?
False
Does 577 divide 7622019?
False
Is 10 a factor of 2727370?
True
Does 5 divide 228353?
False
Is 23944 a multiple of 195?
False
Is 20 a factor of 5521477?
False
Is 5735700 a multiple of 12?
True
Does 3 divide 2874587?
False
Is 4 a factor of 1407192?
True
Is 4030614 a multiple of 17?
False
Does 1428 divide 15572967?
False
Is 111055 a multiple of 134?
False
Does 59 divide 91469?
False
Is 66610 even?
True
Is 396 a factor of 131076?
True
Is 21 a factor of 171297?
True
Is 13 a factor of 166531?
False
Is 20 a factor of 724220?
True
Does 300 divide 1015583?
False
Is 128 a factor of 148352?
True
Is 2 a factor of 528?
True
Is 289721 a multiple of 892?
False
Is 52 a factor of 46397?
False
Does 45 divide 3218085?
True
Is 113600 a multiple of 71?
True
Does 7 divide 534058?
True
Does 132 divide 4768773?
False
Is 3 a factor of 156539?
False
Is 80 a factor of 3104560?
True
Is 554744 a multiple of 17?
True
Is 159 a factor of 5399678?
False
Is 19 a factor of 3567706?
True
Does 139 divide 4332769?
True
Is 1477226 a multiple of 206?
True
Is 98582 a multiple of 22?
True
Is 10 a factor of 6303250?
True
Is 5 a factor of 2171545?
True
Is 1956595 a multiple of 23?
False
Is 360 a factor of 124920?
True
Is 78 a factor of 101712?
True
Is 19 a factor of 206473?
True
Does 570 divide 12648870?
True
Is 4733888 a multiple of 1088?
True
Does 4 divide 5385?
False
Does 175 divide 8233225?
True
Is 18 a factor of 19086498?
True
Does 184 divide 690276?
False
Is 7497440 a multiple of 40?
True
Is 1100886 a multiple of 1462?
True
Is 10 a factor of 36696?
False
Does 103 divide 61285?
True
Is 488 a factor of 204555?
False
Is 17751 a multiple of 3?
True
Is 68 a factor of 254320?
True
Is 1108569 a multiple of 81?
False
Is 18585828 a multiple of 17?
True
Is 6262984 a multiple of 196?
True
Is 4016053 a multiple of 67?
False
Does 251 divide 543164?
True
Is 880795 a multiple of 1224?
False
Does 15 divide 21060?
True
Is 33 a factor of 20499703?
False
Does 51 divide 1806726?
True
Is 197 a factor of 1519837?
False
Is 649942 a multiple of 452?
False
Is 28458 a multiple of 7?
False
Is 20 a factor of 6429040?
True
Does 364 divide 70704?
False
Is 18 a factor of 343604?
False
Is 16 a factor of 229233?
False
Is 19255033 a multiple of 509?
False
Is 16375625 a multiple of 175?
True
Is 94 a factor of 1125167?
False
Is 185875 a multiple of 39?
False
Does 925 divide 1110330?
False
Is 6282135 a multiple of 137?
True
Does 732 divide 740784?
True
Does 252 divide 444683?
False
Does 190 divide 10028007?
False
Does 21 divide 208313?
False
Is 11 a factor of 913902?
True
Is 85 a factor of 1617464?
False
Is 24809 a multiple of 56?
False
Is 3699907 a multiple of 92?
False
Is 3 a factor of 564624?
True
Does 13 divide 82992?
True
Is 19 a factor of 71364?
True
Is 7 a factor of 465437?
True
Is 38 a factor of 477432?
True
Does 229 divide 60227?
True
Is 407 a factor of 335598?
False
Does 218 divide 455420?
False
Does 2 divide 20353?
False
Is 3064385 a multiple of 423?
False
Does 193 divide 164243?
True
Is 84720 a multiple of 48?
True
Is 24 a factor of 69046?
False
Does 306 divide 